0 + 1/((-15)/(-6)). What is the highest common factor of 17 and w?
17
Suppose -2 = a - 4. Let h(k) = -k + 1. Let l be h(-5). Let j be (-20)/(-3)*l/5. What is the highest common divisor of a and j?
2
Let m(w) = -w + 10. Let p be m(7). Let b be (p - -42) + 2 + 0. Suppose -b = -4*c - 5*j - 5, -5*c = 4*j - 48. Calculate the greatest common factor of c and 16.
8
Suppose -2*o + 63 = -o. What is the highest common factor of 9 and o?
9
Let k(r) = -r**3 - 6*r**2 + 4*r - 5. Let h = -4 + -3. Let g be k(h). What is the greatest common factor of 128 and g?
16
Let k be (12/(-21))/(6/(-21)). What is the highest common factor of 14 and k?
2
Let d(n) = -13*n - 6. Let o(z) = z**2 + 9*z + 1. Suppose -7*v + 3*v - 32 = 0. Let q be o(v). Let k be d(q). What is the greatest common factor of 17 and k?
17
Let y = 204 - 129. What is the greatest common factor of 30 and y?
15
Let v = 6 + 6. Suppose -81 = u - v. Let r = 48 - u. Calculate the greatest common divisor of r and 13.
13
Suppose -5*z = -18 - 7. Suppose 553 = z*d - 3*x, 2*d + 442 = 6*d - 2*x. Calculate the greatest common factor of d and 44.
22
Let c be ((-18)/(-7))/((-12)/(-56)). Calculate the greatest common factor of c and 4.
4
Let q(g) = -g + 12. Let o be q(0). What is the highest common divisor of o and 24?
12
Let k(t) = -t + 11. Let j be k(5). What is the greatest common factor of 42 and j?
6
Let j(r) = -5*r + 2. Let g be j(-2). Let h = 2 + g. Let a(o) = 4*o + 2. Let c be a(3). What is the greatest common factor of c and h?
14
Suppose 5*i - 41 = -v, -3*i = 4*v - i - 92. Calculate the highest common divisor of v and 14.
7
Suppose 0 - 64 = -2*w. Let j be 96/(-10)*20/(-6). Suppose 51 = 3*l - 3*i, 0 = 3*l - 5*i - j - 21. Calculate the highest common factor of l and w.
16
Let l be 46 + (1 + 0)*-2. Let x = l - 9. Suppose x = 4*n - 13. Calculate the greatest common divisor of 36 and n.
12
Let w be 20/(-12)*3/(-1). Suppose 3*f + 6 = 2*d - 0, w*f = 3*d - 9. Suppose 4*q = d*o + 98, -q + o + o = -22. What is the greatest common factor of q and 39?
13
Suppose 5*n + 3*a = 14, a = -4*n + 3 + 11. Suppose -n*g - 8 = 4*f, -f - g - 4 = -2*f. What is the highest common factor of f and 1?
1
Let n be 1/1*(-3 - -19). Suppose n = 2*b - 4*h - 22, -h - 131 = -5*b. Let p = -18 + b. What is the greatest common factor of p and 6?
3
Let v(u) = u**3 - 8*u**2 - 9*u + 13. Let t be v(9). Calculate the highest common factor of 52 and t.
13
Let r(k) = -k**3 - 8*k**2 + 3*k + 34. Let q be r(-8). Let p be 6/9 + 129/9. What is the greatest common divisor of q and p?
5
Suppose 0 = 4*t + 4*h + 6 - 18, 2*t - 34 = 5*h. Let x = -4 + 7. Suppose -s = -x*k - 55, 3*s = -s - 5*k + 186. What is the greatest common factor of t and s?
7
Let h = 227 - -7. Calculate the highest common divisor of h and 26.
26
Suppose 4*x - 2*x = 3*t - 79, -4*x + 3 = t. Let c be 280/2 - (2 - 0). Calculate the highest common divisor of t and c.
23
Let u(f) = -f**3 + 9*f**2 - 9*f + 12. Let t be u(8). Suppose -s = -5 - t. What is the highest common factor of s and 63?
9
Let u = 15 - 10. Suppose u*h = -x + 8, 2*h + 6 = -h. Calculate the highest common factor of x and 90.
18
Let o(d) = -34*d + 3. Let u be o(-3). Let t(j) = j**2 + 3*j - 12. Let l be t(6). Calculate the greatest common divisor of l and u.
21
Let f be (-35)/(-10)*(-4)/(-7). Calculate the highest common divisor of f and 3.
1
Suppose -3*h + x = -4*x - 16, 0 = 4*x + 8. Let c(f) = -f**3 - 5*f**2 - 2*f - 7. Let w be c(-5). Calculate the greatest common divisor of w and h.
1
Let x = -75 + 80. Calculate the highest common factor of 60 and x.
5
Suppose y = -2*y - 159. Let m be 22/(-8)*(y + 1). Calculate the highest common divisor of 13 and m.
13
Let f = 3 + -5. Let b be (f + 1)*4/(-2). Suppose -3*l = 2*v - 34, -2*v - 3*v + 9 = -b*l. What is the greatest common divisor of 16 and l?
8
Let p(a) = a**3 + 19*a**2 - 7*a - 14. Let u be p(-19). Calculate the highest common factor of u and 34.
17
Let v = -24 + 38. Let u = -7 - -14. What is the highest common factor of u and v?
7
Let t(v) = 2*v - 9. Let l be t(7). Calculate the greatest common factor of l and 20.
5
Suppose -h + 66 = n, 0*n + 3*h = 3*n - 174. Let i be 8/(-20) + n/5. Calculate the greatest common divisor of 84 and i.
12
Let i be (-9)/(3/(-18)*2). Suppose 5*b + 2 - i = 0. What is the greatest common divisor of b and 2?
1
Let h(r) be the first derivative of -r**3/3 - 7*r**2/2 + 5*r + 3. Let z be h(-6). What is the greatest common factor of z and 121?
11
Let b(i) = -i**3 + 11*i**2 + 9*i - 3. Let y be b(7). Let z be 2/6 + y/24. Suppose 0*m = 4*m - 396. Calculate the greatest common divisor of m and z.
11
Suppose -16 = -2*y - 4. Calculate the greatest common factor of y and 3.
3
Let j(u) = -u**2 + 6*u + 4. Let p be (7/14)/((-1)/2). Let r be 1 - (p - (-2 + 5)). Let m be j(r). Calculate the greatest common factor of 9 and m.
9
Let d(l) = 3*l**2 - 4. Let a be d(3). Suppose -p + 3*k = -k - 35, -5*k + 31 = 2*p. Calculate the greatest common factor of p and a.
23
Let u be (2 - 1)*(3 + 5). Suppose 5*t - u - 32 = 0. What is the highest common factor of 56 and t?
8
Suppose 0*o - 4*o = 156. Let n be o - (-2 + 3 + -1). Let b = 60 - n. Calculate the highest common factor of b and 9.
9
Suppose 4*x - 3*b = 204, -b = -5*x - 3*b + 278. Calculate the greatest common factor of x and 6.
6
Let f(h) = h**3 - 4*h**2 + 4*h + 5. Let n = 9 + -5. Let y be f(n). What is the greatest common factor of 105 and y?
21
Suppose 26*x = 22*x + 52. Calculate the greatest common divisor of x and 39.
13
Suppose -6*j + 48 = -2*j. Suppose 8 = -2*v - j. Let y be 7/(7/v)*-4. What is the greatest common factor of y and 100?
20
Let w(m) = m**2 + 7*m + 2. Let y be w(-4). Let j = -6 - y. Suppose -d = j*k - 35, -5*k = -2*d - 20 - 27. What is the highest common divisor of k and 81?
9
Suppose -3*z - 3 = -4*y - 0, -5*y + 30 = 5*z. Let x be 71 - (-1 - (y + -3)). Let f = 28 - 10. What is the greatest common factor of f and x?
18
Suppose 3*o = -5*c + 643, -3*o + 0*o + c + 649 = 0. What is the highest common factor of 27 and o?
27
Let v = 138 - 94. What is the greatest common factor of 66 and v?
22
Let p be 0/5 - (-11 - 0). Suppose 4*v - 27 - 26 = 3*l, -2*l = 4*v - 38. What is the greatest common divisor of p and v?
11
Suppose 0 = u + 7 - 2. Let y be (-4 - -3)/1 - u. Suppose 3*b - b + y*d - 58 = 0, 0 = -5*b - 4*d + 157. What is the greatest common factor of b and 3?
3
Suppose 4*s + 5*o = 37, s - 13 = -4*o + 10. Calculate the highest common factor of 9 and s.
3
Let g be 24/(-14) + 4/(-14). Suppose 5*m = -3*f + f - 170, m + 12 = 4*f. Let l be g/((-6)/(-3))*m. What is the highest common factor of 8 and l?
8
Let g(c) = -11*c + 18. Let l be g(-9). Calculate the greatest common divisor of 13 and l.
13
Let w be ((-3)/(-3))/(2/34). Let j be w + (-1 - -1 - 1). Suppose -4*r = 3*y - 60, y - 5*y - 4*r = -76. Calculate the highest common divisor of y and j.
16
Suppose -7 - 1 = -4*p. Suppose p*l + 5 = -o + 150, l + 310 = 2*o. Let s be 1/5 - 336/(-20). What is the highest common factor of o and s?
17
Let v = 79 - -81. What is the greatest common factor of v and 16?
16
Let s = 167 - 47. Calculate the greatest common factor of s and 15.
15
Suppose 0*h + 15 = 3*h. Suppose -3*n + 5 = 2*n + h*j, 4*j + 4 = 0. Let o be 39 + (-9)/6*n. Calculate the greatest common factor of 9 and o.
9
Let b be 4/(-3)*(-3 + -3). Let f = -5 + b. Suppose 2*n - 129 = p, -n = -f*n + 3*p + 123. What is the highest common factor of n and 6?
6
Suppose -3*t - 16 = t, 0 = 5*u - 5*t + 80. Let s = -12 - u. Calculate the greatest common factor of 24 and s.
8
Let b = 4 + -2. Let t(v) = 9*v**2 - 4*v. Let c(a) = 2*a**2 - a. Let o(y) = -22*c(y) + 6*t(y). Let i be o(b). Calculate the greatest common factor of i and 90.
18
Let a(x) be the first derivative of -x**3/3 + 6*x**2 - 6*x - 9. Let d be a(6). Calculate the greatest common divisor of 30 and d.
30
Suppose -31 = -4*a - 5*t, -2*a - 2 = -2*t - 4. Suppose 35 = a*i + i. What is the highest common divisor of i and 14?
7
Let i(x) be the third derivative of -11*x**4/12 - x**3/6 + 3*x**2. Let h be i(-1). Let m = h - 13. Calculate the greatest common divisor of m and 4.
4
Suppose -5*g + 3*g = -10. Suppose -3*j - 3*u + 53 = -g*u, 3*u = -12. What is the highest common factor of 120 and j?
15
Let m = 118 - 55. What is the highest common fac